
Let o(l) be the first derivative of -3*l**2 + 7*l + 12. What is the tens digit of o(-8)?
5
Let x be 6/(-27) + 60/27 + 4. Suppose -2*w + 2*b = -x - 10, 0 = w + 3*b - 28. What is the units digit of w?
3
Let r be (-2)/(-13) + (-9080)/(-130). Suppose 0 = -3*v - 3*m + 134 + r, 0 = -4*v + m + 292. What is the tens digit of v?
7
Let s(o) be the first derivative of o**2/2 - 16*o - 3. Let v be s(8). What is the units digit of (-30)/v - (-1)/4?
4
Suppose -30547 = -117*c + 106*c. What is the tens digit of c?
7
Let i be (-4)/((-8)/2)*4. Let q(f) = 9*f**2 - 7*f + 14. What is the units digit of q(i)?
0
Suppose -k = -j - 0*j + 6, 2*j = -k. Suppose -4*o + 237 + 166 = -s, 6 = -2*s. Suppose 5*g - o = 4*y, 4*y - j*y = -5*g + 100. What is the tens digit of g?
2
Suppose -30*u - 294550 = -116*u. What is the tens digit of u?
2
Suppose x + u = 2*u + 11, -u - 47 = -4*x. Let j = x + -9. Suppose -2*v - 4*r = -0*r - 92, -r = j*v - 123. What is the tens digit of v?
4
Suppose -1 = 5*x + 4. Let c = 7 + x. What is the units digit of (-8)/(-12) - (-8)/c?
2
Let t(b) = 5*b**2 - 10*b + 13. Suppose 2*i = 3*w + 13, 3*i - 2*i = -2*w + 3. What is the units digit of t(i)?
8
Suppose 15*d - u - 853 = 12*d, 3*d - 868 = -2*u. What is the tens digit of d?
8
Suppose -48 = -4*w + 316. Let s = -155 + w. Let d = -41 - s. What is the tens digit of d?
2
Let l = 20 + 863. What is the tens digit of l?
8
Let b(o) = 35*o - 3. Let x be b(-2). Let j = 27 - x. What is the hundreds digit of j?
1
What is the tens digit of 3154/(-19)*(3/(-2))/1?
4
Suppose -2*p - 3*o = 7, 10 + 6 = -4*p - 4*o. What is the units digit of (20/(-2))/p + 190?
2
Suppose 0 = 7*a - 432 - 233. What is the tens digit of a?
9
Let v be 12/(-8)*32/(-12). Suppose -v*j - j + 250 = 0. What is the units digit of j?
0
Suppose -4*j + 5*g + 1793 = 0, 2*j - g - 416 = 479. What is the units digit of j?
7
Let w(q) = -8*q**3 + q**2 + q + 8. What is the tens digit of w(-3)?
3
Suppose 0*b - 4*b + 16 = 0. Suppose t = o + 83, -2*t + b*t - 164 = 4*o. What is the units digit of t?
4
Let t(i) = -i. Let j(y) = 4*y. Let q(g) = -5*j(g) - 16*t(g). Let l be q(2). Let h = 2 - l. What is the tens digit of h?
1
Let v = -2515 - -3710. What is the thousands digit of v?
1
Let i be (168/(-98))/(2/(-203)). Let b = i + -120. What is the tens digit of b?
5
Suppose 0 = -6*p + 5*p + 5. Suppose p*q - 76 = 54. What is the tens digit of q?
2
Let a = -41 - -16. What is the units digit of 15/a + (-646)/(-10)?
4
Suppose -5*z - o - 2572 = -21075, -z = -4*o - 3709. What is the thousands digit of z?
3
Let u be (0 - -2) + -8 + 2. Let a(q) = -q**3 - 4*q**2 - 4*q - 10. Let j be a(u). Let l(r) = 2*r**2 - 10*r + 7. What is the units digit of l(j)?
9
Suppose -5*u + 2*b = -2*b - 66, -2*b - 28 = -2*u. Suppose 3*y - 6 = -0. What is the units digit of y + u - (-2 + 4)?
0
Suppose 112 = 4*f + 3*f. Let v = 26 - 16. Let s = f - v. What is the units digit of s?
6
Suppose 0 = 3*k + 4*i - 256 + 75, -5*k + 2*i = -319. Let q be 4 - 21 - (-9)/3. What is the tens digit of ((-296)/q)/(18/k)?
7
Suppose -y = -5*l - 12, 8 = 3*y - 2*l - 2. Suppose -16 = -y*h - 8. Let g = h - -7. What is the units digit of g?
1
Let c = -28 + 155. Suppose -6*n + 979 = c. Suppose n = 3*k + 22. What is the tens digit of k?
4
Let n(l) = 205*l**2 - 6*l - 7. What is the units digit of n(-1)?
4
Suppose 48 = 2*g - 3*l, g + 2*l = -g + 48. Let s = g + -2. What is the units digit of s?
2
Let n be 9/(-4 + (-44)/(-8)). Let i be 56/9 + n/(-27). What is the units digit of (10/i)/((-1)/(-3))?
5
Suppose 27 = 4*v + 5*l, 4*v - 27 = 4*l + 9. Suppose 0 = -4*x + v, 2*x = 5*u - 0*x - 451. What is the units digit of u?
1
Let c(j) = 7 + 7*j + 0*j + 5*j - j. Let d be c(5). Let q = d - 42. What is the units digit of q?
0
Let g = -74 + 110. What is the hundreds digit of 3/(g/2) - 9653/(-42)?
2
Suppose 0 = -2*b + 181 + 85. What is the hundreds digit of b?
1
Suppose 0 = 5*l - p + 3*p - 1824, -3*l = 4*p - 1100. What is the units digit of l?
4
Let h(f) = -f**3 - 9*f**2 + 9*f - 30. What is the units digit of h(-13)?
9
Suppose 0 = 5*v - 2*y - 10, -5*v + 20 = 2*y - 6*y. Suppose 2*g = -v*g + 142. What is the tens digit of g?
7
Suppose -3*d + 3*q + 12 = 0, 4*d + 0*d + 2 = -5*q. Let c(v) = 2*v**2 - v. Let g be c(1). What is the units digit of (-1 - -4) + g + d?
6
Suppose -d + 2625 = 504. What is the tens digit of 1 - 51/45 - d/(-45)?
4
Suppose 10*v + 58 = 9*v + h, 238 = -4*v + h. What is the tens digit of (-899)/(-5) - 12/v?
8
Suppose -5 + 3 = -5*s - 2*c, 5*c + 18 = -s. Suppose 0*h = 2*h - 2*i - s, -3*i + 11 = 4*h. Suppose -h*x = -52 + 18. What is the units digit of x?
7
Suppose -1 - 6 = 5*d - 4*h, -h = -4*d - 10. What is the units digit of d + (2592/9 - 2/(-1))?
7
Let p(v) = -v**3 + 6*v**2 + 6*v - 7. Let u be p(6). Suppose 5*q = 4*h - 79, -5*h + 3*q = -q - 101. Let k = u - h. What is the units digit of k?
8
Suppose -3*c = -0*c - 216. Suppose 5*j = 2*s - 35, 3*s - j = -0*j + c. What is the tens digit of s?
2
Let g be ((-10)/4)/(-1 - (-5)/10). Suppose 0*j = i + 4*j - 4, -5*i - 4*j + 4 = 0. Suppose 12 = 3*x - 0*x, i = g*l + x - 104. What is the units digit of l?
0
Let c = -64 - -67. Suppose -9 = -c*g + 24. What is the units digit of g?
1
Let m = 1244 - 595. What is the units digit of m?
9
Let f(g) = 23*g**3 + 2*g**2 - 2*g + 1. Let d be f(1). Let v = d - 26. What is the units digit of 18*(0 - v/6)?
6
Suppose -5*x = 3*b - 286 + 41, 4*x = -2*b + 166. Suppose 3*f = -b + 294. What is the units digit of f?
3
Let w(p) = p**2 + 11*p + 14. Let l be w(-10). Suppose 3*o - 122 = 5*q, l*q - 83 = -4*o + 37. What is the tens digit of o?
3
Suppose 4778 = 5*z - d, -3*z - 2*d = d - 2874. What is the hundreds digit of z?
9
Let x(o) = 2*o**2 + 6. Let y(r) = r**3 + 8*r**2 - r - 5. Let b be y(-8). Let g be 1*((-9 - -1) + b). What is the tens digit of x(g)?
5
Suppose 3 = 4*m - 17, -3*p = 5*m - 2194. What is the hundreds digit of p?
7
Let k(g) = -33*g**3 - 16*g**2 - 30*g - 6. What is the tens digit of k(-2)?
5
Let m be ((-15)/12 - -1)*-76. Let l(c) = 4*c + 13. What is the units digit of l(m)?
9
Let g(h) = 7*h**2 + h. Let v be g(-1). Suppose -v*o = -o - 210. What is the tens digit of o?
4
Let h = 161 - 64. What is the tens digit of h?
9
Let q(a) = a**3 + 19*a**2 - a - 15. Let k be q(-19). Suppose 5*f = 4*l + 1483, -k*f - 5*l + 912 = -f. What is the hundreds digit of f?
2
Let d(y) be the first derivative of -y**3/3 - 3*y**2/2 + 5*y + 5. Let k be d(-3). Suppose -3*a = -4*s + 127, 226 - 74 = k*s + 3*a. What is the units digit of s?
1
Suppose 5*d - 4*s = -6, -d + 8*s = 5*s + 10. Let f(y) = -5*y + 2. Let i be f(-2). Suppose -d*z = -z - i. What is the tens digit of z?
1
Suppose 0 = -5*k - t + 46 + 65, -2*t - 86 = -4*k. What is the tens digit of k?
2
Let p = -1142 - -2245. What is the tens digit of p?
0
Let b(v) = v**2 + 28*v + 46. What is the units digit of b(-32)?
4
Suppose 3 = -m - 0*m - 5*o, 3*m = 4*o - 47. Let z = -8 - m. Suppose 4*s - 7*f + 2*f - 53 = 0, -5*s + z*f + 60 = 0. What is the units digit of s?
7
Let u be (4/6)/((-8)/(-60)). Suppose u*m = -4*v + 3*m + 364, -5*m = 0. What is the tens digit of v?
9
Let m = -299 + 523. What is the hundreds digit of m?
2
Suppose -82 - 790 = -2*u. Suppose 0 = -4*r - 3*l - 335, -2*r + u = -7*r + 2*l. What is the units digit of -1*-2*r/(-4)?
3
Let x(m) = -33*m - 23*m + 0*m**3 - 8*m**2 + 50*m + m**3. What is the units digit of x(9)?
7
Suppose -c + 329 = 3*r, -4*r = -2 - 10. What is the hundreds digit of c?
3
Let m = -109 + 187. Suppose -3*w - 3*w = -m. What is the units digit of w?
3
Let q(u) = -352*u - 99. What is the hundreds digit of q(-2)?
6
Suppose 4*j + 143 - 827 = -4*n, -4*n - 161 = -j. Suppose q - 3*q + 81 = 5*k, -3*q + 2*k + j = 0. What is the tens digit of q?
5
Let j = 6 + -5. Let m be (19 - 5)/(j/2). Suppose -3*y + u = -74, -3*y - 4*u - m = -107. What is the units digit of y?
5
Let c(h) = h**2 + 4*h - 9. Let u be c(-11). Suppose m - 3*m - y = -u, 0 = -m - y + 33. What is the tens digit of m?
3
Let p(i) = -2*i**3 - 28*i**2 + 32*i + 18. Let s be p(-15). Let y be (1 - 4)*2/(-2). Let m = y - s. What is the tens digit of m?
1
Suppose 0 = i - 2*i + 50. Let b = 42 + -39. Suppose -b*v + h = -i, -4*h - 29 = -5*v + 66. What is the tens digit of v?
1
Suppose 181*t - 111615 = 146*t. What is the thousands digit of t?
3
Suppose -r + 4*s = -3525, -